{"id":3389,"date":"2018-02-20T10:47:49","date_gmt":"2018-02-20T07:47:49","guid":{"rendered":"https:\/\/enovathemes.com\/samatex\/?page_id=3389"},"modified":"2023-01-14T14:06:32","modified_gmt":"2023-01-14T11:06:32","slug":"anasayfa","status":"publish","type":"page","link":"https:\/\/www.kurmakina.com\/","title":{"rendered":"ANASAYFA"},"content":{"rendered":"[vc_section css=&#8221;.vc_custom_1634726221416{padding-top: 10px !important;}&#8221;][vc_row full_width=&#8221;stretch_row_content&#8221; gap=&#8221;8&#8243; element_id=&#8221;505192&#8243; css=&#8221;.vc_custom_1673694562865{background-image: url(https:\/\/www.kurmakina.com\/wp-content\/uploads\/2022\/03\/mobil-aydinlatma-kulesi.jpg?id=18329) !important;}&#8221;][vc_column animation_delay=&#8221;0&#8243; width=&#8221;1\/2&#8243; element_id=&#8221;62938&#8243; crp=&#8221;480:i:i,480-768:i:i,768-1024:i:i,1024-1280:i:i,1280-1366:i:i,1366-1600:i:i,1600-1920:i:i&#8221; css=&#8221;.vc_custom_1673694607097{background-image: url(https:\/\/www.kurmakina.com\/wp-content\/uploads\/2022\/01\/wire_saw_machine.jpg?id=18216) !important;background-position: center !important;background-repeat: no-repeat !important;background-size: cover !important;}&#8221;]<span class=\"et-gap et-clearfix et-gap-496782\"><\/span>[vc_row_inner gap=&#8221;40&#8243; element_id=&#8221;465699&#8243; css=&#8221;.vc_custom_1673694570278{padding-top: 25px !important;}&#8221;][vc_column_inner css=&#8221;.vc_custom_1646313228167{background-color: #041b2a !important;}&#8221;][vc_column_text animation_delay=&#8221;0&#8243; css=&#8221;.vc_custom_1666102891822{padding-left: 25px !important;}&#8221;]\n<h2 style=\"text-align: left;\"><a href=\"https:\/\/www.kurmakina.com\/index.php\/urunler\/kesme-makinalari\/kollu-kesici-makina\/\"><span style=\"color: #ffffff;\">Kesme Makinalar\u0131<\/span><\/a><\/h2>\n[\/vc_column_text][\/vc_column_inner][\/vc_row_inner][\/vc_column][vc_column animation_delay=&#8221;0&#8243; width=&#8221;1\/2&#8243; element_id=&#8221;969961&#8243; css=&#8221;.vc_custom_1646313629696{background-image: url(https:\/\/alfadestek.com\/kurmakina\/wp-content\/uploads\/2022\/03\/mobil-aydinlatma-kulesi.jpg?id=18329) !important;}&#8221; crp=&#8221;480:i:i,480-768:i:i,768-1024:i:i,1024-1280:i:i,1280-1366:i:i,1366-1600:i:i,1600-1920:i:i&#8221;]<span class=\"et-gap et-clearfix et-gap-713983\"><\/span>[vc_row_inner gap=&#8221;0&#8243; element_id=&#8221;157289&#8243;][vc_column_inner css=&#8221;.vc_custom_1646313243102{background-color: #041b2a !important;}&#8221;][vc_column_text animation_delay=&#8221;0&#8243; css=&#8221;.vc_custom_1665072280765{padding-left: 25px !important;}&#8221;]\n<h2 style=\"text-align: left;\"><a href=\"http:\/\/www.kurmakina.com\/index.php\/urunler\/aydinlatma-kuleleri\/mobil-aydinlatma-kulesi\/\"><span style=\"color: #ffffff;\">Ayd\u0131nlatma Kuleleri<\/span><\/a><\/h2>\n[\/vc_column_text][\/vc_column_inner][\/vc_row_inner][vc_row_inner gap=&#8221;0&#8243; element_id=&#8221;519735&#8243; css=&#8221;.vc_custom_1673694644753{padding-top: 10px !important;background: #ffffff url(https:\/\/www.kurmakina.com\/wp-content\/uploads\/2022\/10\/sondaj-makinalari.jpg?id=18450) !important;}&#8221;][vc_column_inner css=&#8221;.vc_custom_1665053503528{padding-top: 2px !important;background-image: url(https:\/\/alfadestek.com\/kurmakina\/wp-content\/uploads\/2022\/10\/sondaj-makinalari.jpg?id=18450) !important;background-position: center !important;background-repeat: no-repeat !important;background-size: cover !important;}&#8221;]<span class=\"et-gap et-clearfix et-gap-757182\"><\/span>[\/vc_column_inner][\/vc_row_inner][vc_row_inner gap=&#8221;0&#8243; element_id=&#8221;45555&#8243;][vc_column_inner css=&#8221;.vc_custom_1646313254773{background-color: #041b2a !important;}&#8221;][vc_column_text animation_delay=&#8221;0&#8243; css=&#8221;.vc_custom_1666102904036{padding-left: 25px !important;}&#8221;]\n<h2 style=\"text-align: left;\"><a href=\"https:\/\/www.kurmakina.com\/index.php\/urunler\/sondaj-makinalari\/manuel-sondaj-makinalari\/\"><span style=\"color: #ffffff;\">Sondaj Makinalar\u0131<\/span><\/a><\/h2>\n[\/vc_column_text][\/vc_column_inner][\/vc_row_inner][\/vc_column][\/vc_row][\/vc_section][vc_row full_width=&#8221;stretch_row_content&#8221; gap=&#8221;0&#8243; element_id=&#8221;402154&#8243; element_css=&#8221;.vc-row-402154 .top-gradient {background:linear-gradient(to bottom, #ffffff 0%,rgba(255,255,255,0) 100%);}&#8221; grid_overlay=&#8221;black&#8221; top_gradient=&#8221;true&#8221; css=&#8221;.vc_custom_1634736976594{padding-top: 30px !important;padding-bottom: 30px !important;padding-left: 50px !important;background-image: url(https:\/\/alfadestek.com\/kurmakina\/wp-content\/uploads\/2018\/12\/map_transparent_dark.png?id=13260) !important;background-position: center !important;background-repeat: no-repeat !important;background-size: contain !important;}&#8221; el_class=&#8221;vc_row.background-cover-767 vc_row.background-cover-768-1024 content-box-padding&#8221; gradient_color=&#8221;#ffffff&#8221;][vc_column animation_delay=&#8221;0&#8243; element_id=&#8221;456489&#8243; crp=&#8221;480:i:i,480-768:i:i,768-1024:20:20,1024-1280:i:i,1280-1366:i:i,1366-1600:i:i,1600-1920:i:i&#8221;]<h3 class=\"et-highlight-heading text-align-left tablet-text-align-inherit mobile-text-align-inherit\" id=\"et-highlight-heading-983733\" data-mobile-font=\"inherit\" data-mobile-line-height=\"inherit\" data-tablet-landscape-font=\"inherit\" data-tablet-portrait-font=\"inherit\" data-tablet-landscape-line-height=\"inherit\" data-tablet-portrait-line-height=\"inherit\" data-parallax=\"false\" data-move=\"false\" data-coordinatex=\"0\" data-coordinatey=\"0\" data-speed=\"10\"><span class=\"text-wrapper\"><span class=\"text\">\u00dcr\u00fcnlerimizi ve hizmetlerimizi ke\u015ffedin<\/span><\/span><\/h3>[\/vc_column][\/vc_row][vc_row full_width=&#8221;stretch_row_content&#8221; element_id=&#8221;455815&#8243;][vc_column width=&#8221;1\/4&#8243;]<div id=\"et-image-1\" class=\"et-image et-image-box overlay-hover classic aligncenter\" ><div class=\"post-image post-media\"><img width=\"t\" height=\"t\" src=\"https:\/\/www.kurmakina.com\/wp-content\/uploads\/2021\/10\/square_cutting_machine-scaled.jpg\" alt=\"\u00dcr\u00fcnler\"><\/div><div class=\"post-body et-clearfix\"><div class=\"post-body-inner-wrap\"><div class=\"post-body-inner\"><h4 class=\"post-title entry-title\">\u00dcr\u00fcnler<\/h4><\/div><\/div><\/div><\/div>[\/vc_column][vc_column width=&#8221;1\/4&#8243;]<div id=\"et-image-2\" class=\"et-image et-image-box overlay-hover classic aligncenter\" ><div class=\"post-image post-media\"><img width=\"t\" height=\"t\" src=\"https:\/\/www.kurmakina.com\/wp-content\/uploads\/2021\/10\/mobile_drilling_machine-28.jpg\" alt=\"Uygulamalar\u0131m\u0131z\"><\/div><div class=\"post-body et-clearfix\"><div class=\"post-body-inner-wrap\"><div class=\"post-body-inner\"><h4 class=\"post-title entry-title\">Uygulamalar\u0131m\u0131z<\/h4><\/div><\/div><\/div><\/div>[\/vc_column][vc_column width=&#8221;1\/4&#8243;]<div id=\"et-image-3\" class=\"et-image et-image-box overlay-hover classic aligncenter link\" ><a title=\"Sarf Malzemeler\" target=\"_self\" href=\"https:\/\/alfadestek.com\/kurmakina\/index.php\/sarf-malzemeleri\/\"><div class=\"post-image post-media\"><img width=\"t\" height=\"t\" src=\"https:\/\/www.kurmakina.com\/wp-content\/uploads\/2022\/03\/zsd.jpg\" alt=\"Sarf Malzemeler\"><\/div><div class=\"post-body et-clearfix\"><div class=\"post-body-inner-wrap\"><div class=\"post-body-inner\"><h4 class=\"post-title entry-title\">Sarf Malzemeler<\/h4><\/div><\/div><\/div><\/a><\/div>[\/vc_column][vc_column width=&#8221;1\/4&#8243;]<div id=\"et-image-4\" class=\"et-image et-image-box overlay-hover classic aligncenter\" ><div class=\"post-image post-media\"><img width=\"t\" height=\"t\" src=\"https:\/\/www.kurmakina.com\/wp-content\/uploads\/2021\/10\/wire_saw_machine-53.jpg\" alt=\"Yenilik ve Teknoloji\"><\/div><div class=\"post-body et-clearfix\"><div class=\"post-body-inner-wrap\"><div class=\"post-body-inner\"><h4 class=\"post-title entry-title\">Yenilik ve Teknoloji<\/h4><\/div><\/div><\/div><\/div>[\/vc_column][\/vc_row][vc_row full_width=&#8221;stretch_row_content&#8221; gap=&#8221;0&#8243; disable_element=&#8221;yes&#8221; element_id=&#8221;794055&#8243; element_css=&#8221;.vc-row-794055 .top-gradient {background:linear-gradient(to bottom, #ffffff 0%,rgba(255,255,255,0) 100%);}&#8221; grid_overlay=&#8221;black&#8221; top_gradient=&#8221;true&#8221; css=&#8221;.vc_custom_1646321857942{padding-top: 20px !important;padding-bottom: 20px !important;padding-left: 50px !important;background-image: url(https:\/\/alfadestek.com\/kurmakina\/wp-content\/uploads\/2018\/12\/map_transparent_dark.png?id=13260) !important;background-position: center !important;background-repeat: no-repeat !important;background-size: contain !important;}&#8221; el_class=&#8221;vc_row.background-cover-767 vc_row.background-cover-768-1024 content-box-padding&#8221; gradient_color=&#8221;#ffffff&#8221;][vc_column animation_delay=&#8221;0&#8243; element_id=&#8221;456489&#8243; crp=&#8221;480:i:i,480-768:i:i,768-1024:20:20,1024-1280:i:i,1280-1366:i:i,1366-1600:i:i,1600-1920:i:i&#8221;]<h3 class=\"et-highlight-heading text-align-left tablet-text-align-inherit mobile-text-align-inherit\" id=\"et-highlight-heading-793104\" data-mobile-font=\"inherit\" data-mobile-line-height=\"inherit\" data-tablet-landscape-font=\"inherit\" data-tablet-portrait-font=\"inherit\" data-tablet-landscape-line-height=\"inherit\" data-tablet-portrait-line-height=\"inherit\" data-parallax=\"false\" data-move=\"false\" data-coordinatex=\"0\" data-coordinatey=\"0\" data-speed=\"10\"><span class=\"text-wrapper\"><span class=\"text\">Bug\u00fcn ba\u015far\u0131ya giden performans. Yar\u0131n\u0131 y\u00f6nlendirecek teknoloji. Kur Makina, madencilik ve in\u015faat ekipman\u0131 orta\u011f\u0131n\u0131zd\u0131r. Atlas Copco&#039;nun Maden ve Kaya Kaz\u0131 Tekni\u011fi i\u015f alan\u0131 ve Hidrolik Ata\u015fmanlar b\u00f6l\u00fcm\u00fc k\u00f6kenli Kur , sizin i\u00e7in daha g\u00fc\u00e7l\u00fc bir i\u015f orta\u011f\u0131 olacak \u015fekilde olu\u015fturulmu\u015ftur. Ayn\u0131 ki\u015filerle kan\u0131tlanm\u0131\u015f uzmanl\u0131k ve performans \u00fczerine kuruludur ve iyi olan\u0131 daha da iyi hale getirmek i\u00e7in cesur yeni bir motivasyona sahiptir.<\/span><\/span><\/h3>[\/vc_column][\/vc_row][vc_row full_width=&#8221;stretch_row_content&#8221; gap=&#8221;8&#8243; disable_element=&#8221;yes&#8221; element_id=&#8221;255083&#8243; element_css=&#8221;.vc-row-255083 .top-gradient {background:linear-gradient(to bottom, #ffffff 0%,rgba(255,255,255,0) 100%);}&#8221; grid_overlay=&#8221;black&#8221; top_gradient=&#8221;true&#8221; css=&#8221;.vc_custom_1646320214606{padding-top: 20px !important;padding-right: 10px !important;padding-bottom: 20px !important;padding-left: 10px !important;background-image: url(https:\/\/alfadestek.com\/kurmakina\/wp-content\/uploads\/2018\/12\/map_transparent_dark.png?id=13260) !important;background-position: center !important;background-repeat: no-repeat !important;background-size: contain !important;}&#8221; el_class=&#8221;vc_row.background-cover-767 vc_row.background-cover-768-1024 content-box-padding&#8221; gradient_color=&#8221;#ffffff&#8221;][vc_column animation_delay=&#8221;0&#8243; width=&#8221;1\/4&#8243; element_id=&#8221;720485&#8243; crp=&#8221;480:i:i,480-768:i:i,768-1024:20:20,1024-1280:i:i,1280-1366:i:i,1366-1600:i:i,1600-1920:i:i&#8221; css=&#8221;.vc_custom_1634734359601{background-image: url(https:\/\/alfadestek.com\/kurmakina\/wp-content\/uploads\/2019\/01\/industrial6-2.jpg?id=14038) !important;background-position: center !important;background-repeat: no-repeat !important;background-size: cover !important;}&#8221;]<span class=\"et-gap et-clearfix et-gap-471577\"><\/span>[vc_column_text animation_delay=&#8221;0&#8243;]\n<h3 style=\"text-align: center;\"><span style=\"color: #ffffff;\"><strong>Haber Alan\u0131<\/strong><\/span><\/h3>\n<p style=\"text-align: center;\"><span style=\"color: #ffffff;\"><strong>En yeni \u00fcr\u00fcn haberleri ve vaka \u00f6yk\u00fcleri<\/strong><\/span><\/p>\n[\/vc_column_text]<span class=\"et-gap et-clearfix et-gap-471577\"><\/span>[\/vc_column][vc_column animation_delay=&#8221;0&#8243; width=&#8221;1\/4&#8243; element_id=&#8221;210133&#8243; css=&#8221;.vc_custom_1634734479497{background-image: url(https:\/\/alfadestek.com\/kurmakina\/wp-content\/uploads\/2019\/01\/industrial6-2.jpg?id=14038) !important;background-position: center !important;background-repeat: no-repeat !important;background-size: cover !important;}&#8221; crp=&#8221;480:i:i,480-768:i:i,768-1024:i:i,1024-1280:i:i,1280-1366:i:i,1366-1600:i:i,1600-1920:i:i&#8221;]<span class=\"et-gap et-clearfix et-gap-471577\"><\/span>[vc_column_text animation_delay=&#8221;0&#8243;]\n<h3 style=\"text-align: center;\"><span style=\"color: #ffffff;\">Medya galerisi<\/span><\/h3>\n<p style=\"text-align: center;\"><span style=\"color: #ffffff;\">Foto\u011fraflar ve videolar<\/span><\/p>\n[\/vc_column_text]<span class=\"et-gap et-clearfix et-gap-471577\"><\/span>[\/vc_column][vc_column animation_delay=&#8221;0&#8243; width=&#8221;1\/4&#8243; element_id=&#8221;881283&#8243; css=&#8221;.vc_custom_1634735247489{background-image: url(https:\/\/alfadestek.com\/kurmakina\/wp-content\/uploads\/2021\/10\/mobile_drilling_machine-30.jpg?id=17991) !important;background-position: center !important;background-repeat: no-repeat !important;background-size: cover !important;}&#8221; crp=&#8221;480:i:i,480-768:i:i,768-1024:i:i,1024-1280:i:i,1280-1366:i:i,1366-1600:i:i,1600-1920:i:i&#8221;]<span class=\"et-gap et-clearfix et-gap-524723\"><\/span>[\/vc_column][vc_column animation_delay=&#8221;0&#8243; width=&#8221;1\/4&#8243; element_id=&#8221;175458&#8243; css=&#8221;.vc_custom_1634734636401{background-color: #707070 !important;}&#8221; crp=&#8221;480:i:i,480-768:i:i,768-1024:i:i,1024-1280:i:i,1280-1366:i:i,1366-1600:i:i,1600-1920:i:i&#8221;]<span class=\"et-gap et-clearfix et-gap-807310\"><\/span>[vc_column_text animation_delay=&#8221;0&#8243; css=&#8221;.vc_custom_1634735005450{padding-right: 25px !important;padding-left: 25px !important;}&#8221;]\n<div class=\"contact--title\">\n<h3 class=\"contact--title\"><span style=\"color: #ffffff;\"><strong>Bize ula\u015f\u0131n<\/strong><\/span><\/h3>\n<\/div>\n<div class=\"contact--subtitle\">\n<p class=\"contact--subtitle\"><span style=\"color: #ffffff;\"><strong>Size destek olmak i\u00e7in buraday\u0131z<\/strong><\/span><\/p>\n<\/div>\n<div class=\"contact--bodytext-div contact--bodytext-div-line\"><\/div>\n<div class=\"contact--info-container\"><span style=\"color: #ffffff;\">Saraykent S.S. 50. Sokak No:28<\/span><br \/>\n<span style=\"color: #ffffff;\">Kazan \/ ANKARA \/ TURKEY<\/span><\/div>\n<div><span style=\"color: #ffffff;\">T: +90 312 396 01 30<\/span><br \/>\n<span style=\"color: #ffffff;\">F: +90 312 396 01 39<\/span><br \/>\n<span style=\"color: #ffffff;\">info@kurmakina.com<\/span><\/div>\n[\/vc_column_text]<span class=\"et-gap et-clearfix et-gap-807310\"><\/span>[\/vc_column][\/vc_row][vc_row full_width=&#8221;stretch_row_content&#8221; disable_element=&#8221;yes&#8221; element_id=&#8221;994698&#8243; css=&#8221;.vc_custom_1645524624929{padding-top: 75px !important;padding-bottom: 75px !important;background-color: #dce13c !important;}&#8221;][vc_column][vc_column_text animation_delay=&#8221;0&#8243; css=&#8221;.vc_custom_1645523964848{padding-right: 50px !important;padding-left: 50px !important;}&#8221;]\n<h1 class=\"c-card__title c-card__title--break c-hero__title\">Kur Makina COVID-19 g\u00fcncellemesi<\/h1>\n<p class=\"c-card__lead c-lead c-hero__lead\">Bu zorlu durumda m\u00fc\u015fterilerimizi desteklemeye kararl\u0131y\u0131z<\/p>\n[\/vc_column_text][\/vc_column][\/vc_row]\n","protected":false},"excerpt":{"rendered":"<p>[vc_section css=&#8221;.vc_custom_1634726221416{padding-top: 10px !important;}&#8221;][vc_row full_width=&#8221;stretch_row_content&#8221; gap=&#8221;8&#8243; element_id=&#8221;505192&#8243; css=&#8221;.vc_custom_1673694562865{background-image: url(https:\/\/www.kurmakina.com\/wp-content\/uploads\/2022\/03\/mobil-aydinlatma-kulesi.jpg?id=18329) !important;}&#8221;][vc_column animation_delay=&#8221;0&#8243; width=&#8221;1\/2&#8243; element_id=&#8221;62938&#8243; crp=&#8221;480:i:i,480-768:i:i,768-1024:i:i,1024-1280:i:i,1280-1366:i:i,1366-1600:i:i,1600-1920:i:i&#8221; css=&#8221;.vc_custom_1673694607097{background-image: url(https:\/\/www.kurmakina.com\/wp-content\/uploads\/2022\/01\/wire_saw_machine.jpg?id=18216) !important;background-position: center !important;background-repeat: no-repeat !important;background-size: cover !important;}&#8221;][vc_row_inner gap=&#8221;40&#8243; element_id=&#8221;465699&#8243; css=&#8221;.vc_custom_1673694570278{padding-top: 25px !important;}&#8221;][vc_column_inner css=&#8221;.vc_custom_1646313228167{background-color: #041b2a !important;}&#8221;][vc_column_text animation_delay=&#8221;0&#8243; css=&#8221;.vc_custom_1666102891822{padding-left: 25px !important;}&#8221;] Kesme Makinalar\u0131 [\/vc_column_text][\/vc_column_inner][\/vc_row_inner][\/vc_column][vc_column animation_delay=&#8221;0&#8243; width=&#8221;1\/2&#8243; element_id=&#8221;969961&#8243; css=&#8221;.vc_custom_1646313629696{background-image: url(https:\/\/alfadestek.com\/kurmakina\/wp-content\/uploads\/2022\/03\/mobil-aydinlatma-kulesi.jpg?id=18329) !important;}&#8221; crp=&#8221;480:i:i,480-768:i:i,768-1024:i:i,1024-1280:i:i,1280-1366:i:i,1366-1600:i:i,1600-1920:i:i&#8221;][vc_row_inner gap=&#8221;0&#8243; element_id=&#8221;157289&#8243;][vc_column_inner css=&#8221;.vc_custom_1646313243102{background-color: #041b2a !important;}&#8221;][vc_column_text animation_delay=&#8221;0&#8243; css=&#8221;.vc_custom_1665072280765{padding-left: 25px !important;}&#8221;] Ayd\u0131nlatma [&hellip;]<\/p>\n","protected":false},"author":1,"featured_media":0,"parent":0,"menu_order":0,"comment_status":"closed","ping_status":"closed","template":"page-vc.php","meta":[],"_links":{"self":[{"href":"https:\/\/www.kurmakina.com\/index.php\/wp-json\/wp\/v2\/pages\/3389"}],"collection":[{"href":"https:\/\/www.kurmakina.com\/index.php\/wp-json\/wp\/v2\/pages"}],"about":[{"href":"https:\/\/www.kurmakina.com\/index.php\/wp-json\/wp\/v2\/types\/page"}],"author":[{"embeddable":true,"href":"https:\/\/www.kurmakina.com\/index.php\/wp-json\/wp\/v2\/users\/1"}],"replies":[{"embeddable":true,"href":"https:\/\/www.kurmakina.com\/index.php\/wp-json\/wp\/v2\/comments?post=3389"}],"version-history":[{"count":139,"href":"https:\/\/www.kurmakina.com\/index.php\/wp-json\/wp\/v2\/pages\/3389\/revisions"}],"predecessor-version":[{"id":18458,"href":"https:\/\/www.kurmakina.com\/index.php\/wp-json\/wp\/v2\/pages\/3389\/revisions\/18458"}],"wp:attachment":[{"href":"https:\/\/www.kurmakina.com\/index.php\/wp-json\/wp\/v2\/media?parent=3389"}],"curies":[{"name":"wp","href":"https:\/\/api.w.org\/{rel}","templated":true}]}}